ulate the highest common factor of 51071 and 1.
1
What is the greatest common factor of 1425 and 5367975?
1425
What is the highest common divisor of 50 and 205100?
50
Calculate the highest common divisor of 148090 and 130.
10
What is the highest common divisor of 1388 and 156?
4
Calculate the highest common factor of 2473024 and 352.
32
What is the greatest common factor of 237729 and 109?
109
What is the highest common factor of 36 and 6477?
3
What is the greatest common factor of 8 and 21?
1
What is the greatest common factor of 946640 and 80?
80
What is the highest common divisor of 885 and 7434?
177
Calculate the highest common divisor of 1519202 and 76.
38
Calculate the highest common factor of 839034 and 56.
14
Calculate the greatest common factor of 1311 and 44643.
69
What is the highest common divisor of 66 and 3285326?
22
Calculate the highest common factor of 5450 and 3900.
50
Calculate the greatest common factor of 160 and 64240.
80
Calculate the highest common divisor of 375 and 8805.
15
What is the greatest common factor of 4763 and 407?
11
What is the highest common divisor of 68016 and 981?
327
Calculate the highest common factor of 135 and 134217.
27
Calculate the greatest common divisor of 87 and 459012.
87
Calculate the greatest common divisor of 80 and 2745520.
80
What is the greatest common divisor of 2782087 and 385?
77
Calculate the highest common factor of 90 and 110706.
6
What is the highest common divisor of 271460 and 5390?
490
Calculate the highest common divisor of 225675 and 119.
17
Calculate the greatest common factor of 693884 and 328.
164
Calculate the highest common factor of 49021 and 47047.
329
Calculate the greatest common divisor of 700 and 83500.
100
Calculate the highest common factor of 10174164 and 1078.
1078
What is the greatest common divisor of 1038384 and 360?
72
What is the greatest common factor of 3157 and 275?
11
Calculate the highest common divisor of 162329 and 1198.
599
Calculate the highest common factor of 1796050 and 340.
170
What is the highest common factor of 793 and 13969?
61
Calculate the greatest common factor of 226767 and 1076.
269
Calculate the greatest common factor of 3784 and 209.
11
What is the highest common factor of 1269 and 41337?
27
Calculate the greatest common factor of 666 and 2977686.
666
What is the greatest common factor of 221 and 12870?
13
Calculate the highest common factor of 64571 and 52.
13
What is the greatest common factor of 113602 and 316?
158
What is the highest common divisor of 1136 and 8378?
142
What is the highest common factor of 245760 and 120?
120
Calculate the highest common divisor of 470452 and 1047.
349
Calculate the greatest common factor of 10486 and 6206.
214
Calculate the greatest common factor of 291 and 939.
3
Calculate the highest common factor of 2013676 and 84.
28
What is the highest common factor of 182 and 9841?
13
Calculate the highest common factor of 288 and 24048.
144
Calculate the greatest common factor of 538 and 16.
2
Calculate the highest common divisor of 78635 and 5.
5
What is the highest common divisor of 204 and 186932?
68
Calculate the highest common factor of 2546 and 2242.
38
What is the highest common divisor of 75 and 751965?
15
What is the greatest common divisor of 48 and 42114?
6
Calculate the highest common divisor of 205125 and 750.
375
What is the highest common factor of 350 and 84325?
25
What is the highest common divisor of 22593 and 4029?
51
Calculate the highest common divisor of 5040 and 59920.
560
What is the highest common divisor of 336949 and 118?
59
What is the greatest common factor of 108 and 107712?
36
Calculate the highest common factor of 407499 and 82.
41
What is the highest common factor of 113190 and 66?
66
Calculate the highest common divisor of 77 and 221177.
11
Calculate the greatest common factor of 69416 and 176.
8
What is the highest common divisor of 356 and 2808?
4
What is the highest common factor of 108 and 842859?
27
Calculate the highest common factor of 10488 and 25992.
456
Calculate the greatest common factor of 1296750 and 9555.
1365
What is the highest common divisor of 4628 and 273?
13
Calculate the highest common divisor of 1815 and 3405.
15
Calculate the greatest common factor of 137100 and 4200.
300
What is the highest common divisor of 24 and 324552?
24
What is the highest common factor of 1515907 and 1564?
391
What is the highest common divisor of 632944 and 208?
208
Calculate the greatest common divisor of 2370 and 1800.
30
What is the highest common factor of 103854 and 4902?
114
What is the highest common factor of 1834 and 1512?
14
Calculate the highest common factor of 23415 and 315.
105
Calculate the highest common divisor of 187528 and 88.
88
Calculate the highest common factor of 297 and 8272.
11
Calculate the greatest common factor of 744 and 393855.
93
What is the greatest common factor of 17496 and 12?
12
Calculate the greatest common divisor of 108 and 56268.
108
Calculate the highest common factor of 1475 and 286175.
25
What is the greatest common factor of 86043 and 258?
129
Calculate the greatest common factor of 26592 and 3024.
48
Calculate the greatest common factor of 1846 and 88324.
142
What is the greatest common divisor of 56 and 1201466?
14
What is the highest common divisor of 28 and 2257339?
7
What is the highest common factor of 231993 and 24912?
1557
Calculate the greatest common factor of 16752 and 224.
16
Calculate the highest common divisor of 738208 and 46.
46
What is the highest common factor of 114 and 3261?
3
Calculate the greatest common factor of 650 and 5174.
26
Calculate the greatest common factor of 387940 and 1666.
238
What is the greatest common factor of 1326 and 409292?
442
What is the greatest common divisor of 511 and 2342497?
73
What is the highest common divisor of 24678 and 594?
54
What is the greatest common divisor of 291896 and 1240?
248
Calculate the highest common factor of 533 and 282542.
13
Calculate the highest common divisor of 2891 and 1172507.
413
What is the greatest common divisor of 2519 and 45441?
11
Calculate the greatest common factor of 238 and 448426.
34
What is the greatest common factor of 4954950 and 198?
198
Calculate the highest common factor of 1944 and 426744.
72
What is the highest common divisor of 99408 and 4560?
912
What is the greatest common factor of 316510 and 620?
310
Calculate the highest common factor of 252 and 700.
28
What is the greatest common factor of 2850 and 675?
75
What is the highest common divisor of 293778 and 137440?
1718
Calculate the highest common factor of 109 and 376377.
109
Calculate the highest common factor of 330154 and 7568.
946
Calculate the highest common divisor of 7805 and 369511.
223
Calculate the highest common factor of 219341 and 2.
1
What is the highest common divisor of 100 and 167600?
100
What is the greatest common divisor of 4 and 484?
4
Calculate the greatest common factor of 6940 and 28460.
20
Calculate the greatest common divisor of 235 and 382439.
47
Calculate the highest common factor of 8993 and 574494.
529
Calculate the highest common factor of 4796 and 18436.
44
What is the highest common factor of 14025 and 5475?
75
What is the greatest common divisor of 10032 and 3553?
209
Calculate the highest common factor of 16740 and 1488.
372
Calculate the greatest common divisor of 83 and 871168.
83
Calculate the greatest common divisor of 4706 and 78.
26
Calculate the greatest common factor of 23697 and 1503.
9
Calculate the highest common divisor of 42640 and 2888.
8
Calculate the greatest common factor of 104 and 454844.
52
Calculate the highest common divisor of 5096 and 129584.
728
What is the greatest common divisor of 16 and 4374?
2
Calculate the greatest common factor of 1701 and 4109.
7
Calculate the highest common divisor of 35 and 1182755.
35
What is the greatest common divisor of 175662 and 54?
54
Calculate the greatest common factor of 16 and 813328.
16
What is the highest common divisor of 14471 and 203?
29
What is the greatest common factor of 50260 and 160?
20
What is the greatest common divisor of 272 and 15632?
16
Calculate the greatest common factor of 409360 and 560.
560
Calculate the greatest common factor of 1651 and 9652.
127
